{"id":32,"date":"2020-01-16T18:33:14","date_gmt":"2020-01-16T18:33:14","guid":{"rendered":"http:\/\/ov-f32.de\/?page_id=32"},"modified":"2020-04-10T12:42:38","modified_gmt":"2020-04-10T12:42:38","slug":"fm-relais-db0ql","status":"publish","type":"page","link":"https:\/\/ov-f32.de\/?page_id=32","title":{"rendered":"FM-Relais DB0QL"},"content":{"rendered":"\n<figure class=\"wp-block-audio\"><audio controls src=\"http:\/\/ov-f32.de\/wp-content\/uploads\/2020\/04\/DB0QL-Ton.mp3\" autoplay><\/audio><figcaption><strong><em>Kennung DB0QL<\/em><\/strong><\/figcaption><\/figure>\n\n\n\n<div class=\"wp-block-image\"><figure class=\"alignright\"><img decoding=\"async\" src=\"http:\/\/ov-f32.de\/wp-content\/uploads\/2020\/02\/db0ql.jpg\" alt=\"\" class=\"wp-image-186\"\/><\/figure><\/div>\n\n\n\n<p><span style=\"display: inline !important; float: none; background-color: #ffffff; color: #191e23; font-size: inherit; font-style: normal; font-variant: normal; font-weight: 400; letter-spacing: normal; line-height: 1.8; orphans: 2; text-align: left; text-decoration: none; text-indent: 0px; text-transform: none; -webkit-text-stroke-width: 0px; white-space: pre-wrap; word-spacing: 0px;\">Seit Herbst 1996 ist das FM-Relais (Repeater) DB0QL am Standort bei Bebra-Solz (Locator = JO41WA) in Betrieb. Nach verschiedenen Standort-Tests l\u00e4uft der Repeater ohne Probleme. Im Jahre 1998 wurde leider 2mal die Antenne gestohlen. Im Jahr 2005 wurde die Antenne durch eine kolineare Version ausgetauscht und damit auch die Reichweite verbessert. Im September 2007 wurde eine neue Ablaufsteuerung integriert. Damit haben einige &#8222;Komfortmerkmale&#8220; wie Spracherkennung, tr\u00e4gergesteuerte Nachlaufzeit und Dauerquasselsperre Einzug gehalten. F\u00fcr die Relaisverantwortlichen besteht jetzt die M\u00f6glichkeit, das Relais in vielen Parametern per DTMF-Fernsteuerung zu beeinflussen, darunter auch die M\u00f6glichkeit, das Relais per Fernsteuerung im St\u00f6rungsfall abzuschalten, wie es die Bestimmungen der BNetzA f\u00fcr automatische Funkstellen verlangen. Der Analog-Zweig der neuen Steuerung pa\u00dft sehr gut zu Relaisempf\u00e4nger und -sender, soda\u00df auch die Audioqualit\u00e4t sp\u00fcrbar besser geworden ist. 2011 wurde das Netzteil modernisiert, um den Stromverbrauch um einige Prozentpunkte zu reduzieren. Bis auf einige kleinere Probleme bei Extrem-Temperaturen sowie Kleinreparaturen durch den Relaisverantwortlichen DD5XL ist das Relais bis heute st\u00f6rungsfrei in Betrieb. (Bild aus demJahr 2007)<\/span><\/p>\n\n\n\n<blockquote class=\"wp-block-quote is-layout-flow wp-block-quote-is-layout-flow\"><p> <strong>DB0QL arbeitet auf der Ausgabefreuenz 438,775 MHz im 70-cm-Band<\/strong> <\/p><\/blockquote>\n","protected":false},"excerpt":{"rendered":"<p>Seit Herbst 1996 ist das FM-Relais (Repeater) DB0QL am Standort bei Bebra-Solz (Locator = JO41WA) in Betrieb. Nach verschiedenen Standort-Tests l\u00e4uft der Repeater ohne Probleme. Im Jahre 1998 wurde leider 2mal die Antenne gestohlen. Im Jahr 2005 wurde die Antenne &hellip; <a href=\"https:\/\/ov-f32.de\/?page_id=32\">Weiterlesen <span class=\"meta-nav\">&rarr;<\/span><\/a><\/p>\n","protected":false},"author":1,"featured_media":0,"parent":0,"menu_order":0,"comment_status":"closed","ping_status":"closed","template":"","meta":{"iawp_total_views":268,"footnotes":""},"class_list":["post-32","page","type-page","status-publish","hentry"],"_links":{"self":[{"href":"https:\/\/ov-f32.de\/index.php?rest_route=\/wp\/v2\/pages\/32","targetHints":{"allow":["GET"]}}],"collection":[{"href":"https:\/\/ov-f32.de\/index.php?rest_route=\/wp\/v2\/pages"}],"about":[{"href":"https:\/\/ov-f32.de\/index.php?rest_route=\/wp\/v2\/types\/page"}],"author":[{"embeddable":true,"href":"https:\/\/ov-f32.de\/index.php?rest_route=\/wp\/v2\/users\/1"}],"replies":[{"embeddable":true,"href":"https:\/\/ov-f32.de\/index.php?rest_route=%2Fwp%2Fv2%2Fcomments&post=32"}],"version-history":[{"count":23,"href":"https:\/\/ov-f32.de\/index.php?rest_route=\/wp\/v2\/pages\/32\/revisions"}],"predecessor-version":[{"id":399,"href":"https:\/\/ov-f32.de\/index.php?rest_route=\/wp\/v2\/pages\/32\/revisions\/399"}],"wp:attachment":[{"href":"https:\/\/ov-f32.de\/index.php?rest_route=%2Fwp%2Fv2%2Fmedia&parent=32"}],"curies":[{"name":"wp","href":"https:\/\/api.w.org\/{rel}","templated":true}]}}